what is -5 + 185887ee?
185887e9
In base 16, what is 1576 + -fda?
59c
In base 9, what is -70547 + -5522?
-76170
In base 2, what is -1101111 + 11000001111000001?
11000001101010010
In base 10, what is -17 - 6436688?
-6436705
In base 9, what is 1 - -1127584?
1127585
In base 13, what is 22 - 92732?
-92710
In base 11, what is -467 + 24643?
24187
In base 4, what is 133122100112 - 0?
133122100112
In base 9, what is 14 + 1632321?
1632335
In base 15, what is 5 + -b02cd3b?
-b02cd36
In base 12, what is 94ab1a02 - 1?
94ab1a01
In base 14, what is 7c00 + -1b76?
6068
In base 2, what is -11100111111011111001 - -10010?
-11100111111011100111
In base 12, what is 93a5 - 29163?
-1b97a
In base 3, what is -1 - 11021212012112?
-11021212012120
In base 2, what is -11 - -11100000001010000101111?
11100000001010000101100
In base 6, what is -43234123 + -15?
-43234142
In base 2, what is 10000101001010 + 100011001001110?
110011110011000
In base 16, what is 5c - 511bc?
-51160
In base 13, what is -49969c3 - 1?
-49969c4
In base 2, what is -101000110000011011101 + 10101101?
-101000110000000110000
In base 16, what is -5 + 4920?
491b
In base 8, what is 0 - -7663115?
7663115
In base 3, what is -10220000012 - 2210122?
-10222210211
In base 8, what is 645325 + -4125?
641200
In base 16, what is -209 - -6309c?
62e93
In base 11, what is -126 + -11584?
-116aa
In base 13, what is 2b6196 + 4?
2b619a
In base 7, what is -3323 - 256414?
-263040
In base 12, what is -5 - -7b4065?
7b4060
In base 15, what is -2 + 3257e7e?
3257e7c
In base 5, what is -203 + 20223043313?
20223043110
In base 5, what is 3410 + -41220?
-32310
In base 7, what is 5 + 2155126523?
2155126531
In base 5, what is -10441 + -1224404041?
-1224420032
In base 11, what is 42928223 + -2?
42928221
In base 15, what is -183567 - 1c?
-183584
In base 14, what is 59061559 - 4?
59061555
In base 15, what is -12dc5 + -767?
-1363c
In base 2, what is 100000011000110 + -110011101111111?
-10011010111001
In base 2, what is -10100011001111 + -10000100?
-10100101010011
In base 2, what is -100100 - 1000111010100100010111?
-1000111010100100111011
In base 7, what is -4463 + 21016?
13223
In base 12, what is -13371 + -969?
-1411a
In base 7, what is -215 - -263355?
263140
In base 5, what is -1031 - -202313124?
202312043
In base 13, what is -352 - -8605?
8283
In base 16, what is 76ae - 109?
75a5
In base 7, what is 3515 - -12150?
15665
In base 15, what is 4268707 + -3?
4268704
In base 12, what is -96a061 - 2?
-96a063
In base 13, what is -4a55 + -2176?
-6bcb
In base 9, what is -733 + 1254544?
1253711
In base 5, what is -12212110 - 42020?
-12304130
In base 9, what is -3637167 - -31?
-3637136
In base 9, what is -2 + -28065876?
-28065878
In base 4, what is -200311333303 - -1101?
-200311332202
In base 10, what is -271638492 - -5?
-271638487
In base 8, what is 1 + 26736503?
26736504
In base 10, what is -5 + 2708080?
2708075
In base 15, what is 2d - 3d20e?
-3d1d1
In base 2, what is 11 - -101101110011100010110?
101101110011100011001
In base 9, what is 4514552 - 4?
4514547
In base 11, what is 512939 + 17?
512955
In base 15, what is 2c8 - -d27d?
d556
In base 14, what is -470 + 42c5?
3c55
In base 15, what is 22005 - 189?
21d6b
In base 2, what is 11101010101010000101 - -101?
11101010101010001010
In base 7, what is 1362 + 3043404?
3045066
In base 4, what is -13 - 113100121311?
-113100121330
In base 2, what is 100110001000 + 1010011011011?
1111001100011
In base 16, what is -1328 + -efd9?
-10301
In base 6, what is -153224351 - -5?
-153224342
In base 3, what is -10 - 10010000221201010?
-10010000221201020
In base 11, what is 5745 - -142a?
7074
In base 3, what is -2001 - -22102111120?
22102102112
In base 4, what is 12 - -211322102222?
211322102300
In base 12, what is 603 - 13ba6?
-135a3
In base 3, what is 10001 - -1100111002?
1100121010
In base 3, what is -22110202 - -2000222?
-20102210
In base 2, what is -1000 - -101111101000111100111001?
101111101000111100110001
In base 6, what is -14114151421 + 21?
-14114151400
In base 14, what is -1158 + 97aa1?
96947
In base 13, what is -1737a95 + 1?
-1737a94
In base 7, what is -222640 - 4111?
-230051
In base 13, what is 3a7 - -a03c?
a416
In base 3, what is -2201122210122 + -211?
-2201122211110
In base 9, what is 557716 + 484?
558311
In base 2, what is -1001101 + 110111110000?
110110100011
In base 12, what is 10464 - -989b?
1a143
In base 10, what is -602798 - 35?
-602833
In base 16, what is 671a53 - -e?
671a61
In base 6, what is 34034 - 454?
33140
In base 10, what is 8 + 1366590?
1366598
In base 3, what is -12 - -1012220221100201?
1012220221100112
In base 9, what is 1 - 318687?
-318686
In base 6, what is 1010344 - -3442?
1014230
In base 10, what is 2829152 + -10?
2829142
In base 4, what is 21223 - 2112313?
-2031030
In base 10, what is -4 + 181253978?
181253974
In base 6, what is 12312154250 - -20?
12312154310
In base 16, what is 131ae + -432?
12d7c
In base 15, what is 87404 + -e9?
8730a
In base 7, what is 13322 - -12150?
25502
In base 11, what is 567 - 905164?
-9046a8
In base 6, what is -5 - 4355253543?
-4355253552
In base 11, what is 10 + -2818742?
-2818732
In base 6, what is -12 - 3350550502?
-3350550514
In base 7, what is 1 + 4102505?
4102506
In base 14, what is -1 + -1dd7586?
-1dd7587
In base 3, what is 1101021210020201 + 10?
1101021210020211
In base 3, what is -1111100111220 - -1210?
-1111100110010
In base 10, what is -17741 - 8668?
-26409
In base 15, what is -1b56c - 152?
-1b6be
In base 8, what is -247 - -3421?
3152
In base 10, what is -948621 + -53?
-948674
In base 5, what is 101133 + -1114122?
-1012434
In base 8, what is -13054271322 + 4?
-13054271316
In base 11, what is 2a769a2 - 0?
2a769a2
In base 6, what is -3132405051 - 0?
-3132405051
In base 10, what is -907311 - 37?
-907348
In base 10, what is 3 - 17210536?
-17210533
In base 6, what is -21 + -123134132?
-123134153
In base 8, what is 47 - 2464443?
-2464374
In base 12, what is 67a21735 + 2?
67a21737
In base 15, what is 344953 - -8?
34495b
In base 16, what is -8 + -a7a50?
-a7a58
In base 6, what is 11313334 + 153?
11313531
In base 5, what is -2100 + 122233121?
122231021
In base 10, what is 61 + 14098?
14159
In base 3, what is 110201 - 1010121101001?
-1010120220100
In base 15, what is -341421 + 3d?
-3413d3
In base 11, what is 11975 - -214?
12089
In base 8, what is 63324 - 2130?
61174
In base 15, what is 13a6 + 13859?
14c10
In base 8, what is 701 - 71245?
-70344
In base 7, what is 1 - -5420430?
5420431
In base 5, what is 100131401 - 111?
100131240
In base 12, what is -73 + 1353a5?
135332
In base 12, what is 381 - -2003?
2384
In base 9, what is -38665 - 1144?
-40820
In base 14, what is -828 - -157a?
b52
In base 9, what is 6 - 7781070?
-7781063
In base 8, what is 247 - -1731136?
1731405
In base 3, what is -12 - -221201222021012?
221201222021000
In base 9, what is 3740 + -837?
2802
In base 11, what is -1 - 107479a2?
-107479a3
In base 7, what is -54445 + -13446?
-101224
In base 5, what is 130 + 1222221421?
1222222101
In base 14, what is 392 - 18684?
-182d2
In base 6, what is -12330021 + -114?
-12330135
In base 11, what is -1 + 9011922?
9011921
In base 13, what is 179 + c543c?
c55b8
In base 10, what is -668145 + -439?
-668584
In base 16, what is 130e1980 - 1?
130e197f
In base 13, what is 102cbb8 + -3?
102cbb5
In base 14, what is 1 - 43416d8?
-43416d7
In base 8, what is -102076273 - -4?
-102076267
In base 3, what is -111120 - 201120022?
-202001212
In base 6, what is -42211055 - -2?
-42211053
In base 10, what is -52448 - -11?
-52437
In base 9, what is 8073074 + 22?
8073106
In base 5, what is -10041212433 - -30?
-10041212403
In base 6, what is -2055223 - 422?
-2100045
In base 15, what is 379 - -1abb6?
1b040
In base 4, what is 123300 + 1130003101?
1130133001
In base 12, what is -212 + -21aba?
-22110
In base 9, what is 22 - 57156486?
-57156464
In base 4, what is -11012233 - -2021?
-11010212
In base 16, what is 8fa1 + -262?
8d3f
In base 14, what is -5 - 184927?
-18492c
In base 15, what is 1db + 348b?
3677
In base 9, what is -144633 - 245?
-144878
In base 9, what is 622 - 238044?
-237322
In base 15, what is 1314286c + 2?
1314286e
In base 12, what is 1363165a + 1?
1363165b
In base 8, what is 35046 - 576?
34250
In base 15, what is 1 - 5615579?
-5615578
In base 16, what is 67c - 134d?
-cd1
